6781
What are the prime factors of 144746?
2, 7, 211
List the prime factors of 27309294.
2, 3, 89, 17047
List the prime factors of 1312119.
3, 97, 167
What are the prime factors of 46451?
46451
List the prime factors of 2297689.
19, 31, 47, 83
What are the prime factors of 93069?
3, 383
What are the prime factors of 390883?
390883
List the prime factors of 7798656.
2, 3, 23, 883
List the prime factors of 2143787.
457, 4691
List the prime factors of 1393053.
3, 464351
What are the prime factors of 231995?
5, 46399
What are the prime factors of 778135?
5, 155627
List the prime factors of 390292.
2, 7, 53, 263
List the prime factors of 42872127.
3, 1439, 9931
List the prime factors of 1957663.
1957663
What are the prime factors of 136689?
3, 7, 23, 283
What are the prime factors of 156709?
7, 61, 367
What are the prime factors of 989979?
3, 329993
List the prime factors of 3009517.
7, 429931
What are the prime factors of 30102276?
2, 3, 479, 5237
What are the prime factors of 12524398?
2, 61, 251, 409
List the prime factors of 1304288.
2, 40759
What are the prime factors of 431170?
2, 5, 43117
What are the prime factors of 17416263?
3, 167, 34763
List the prime factors of 658990.
2, 5, 65899
List the prime factors of 7542687.
3, 2514229
What are the prime factors of 188819?
17, 29, 383
What are the prime factors of 214637?
37, 5801
What are the prime factors of 2073103?
2073103
List the prime factors of 3860440.
2, 5, 103, 937
What are the prime factors of 8316196?
2, 7, 17, 17471
What are the prime factors of 352851?
3, 117617
List the prime factors of 410925.
3, 5, 5479
What are the prime factors of 92504?
2, 31, 373
List the prime factors of 8925659.
41, 293, 743
List the prime factors of 4483157.
7, 91493
List the prime factors of 260976.
2, 3, 5437
List the prime factors of 2631030.
2, 3, 5, 87701
What are the prime factors of 1085492?
2, 43, 6311
What are the prime factors of 1217801?
13, 113, 829
What are the prime factors of 6409294?
2, 3204647
What are the prime factors of 299210?
2, 5, 29921
List the prime factors of 14630610.
2, 3, 5, 173, 2819
What are the prime factors of 139933?
41, 3413
What are the prime factors of 898558?
2, 83, 5413
What are the prime factors of 162089?
19, 449
What are the prime factors of 8837139?
3, 31, 167, 569
List the prime factors of 4257050.
2, 5, 7, 12163
What are the prime factors of 12618114?
2, 3, 17, 123707
List the prime factors of 19924.
2, 17, 293
What are the prime factors of 36457942?
2, 18228971
List the prime factors of 8875083.
3, 7, 31, 13633
List the prime factors of 163090.
2, 5, 47, 347
What are the prime factors of 15299537?
11, 37, 37591
List the prime factors of 4590666.
2, 3, 19, 31, 433
List the prime factors of 63459.
3, 11, 641
List the prime factors of 695766.
2, 3, 61, 1901
List the prime factors of 20351645.
5, 4070329
List the prime factors of 159692.
2, 13, 37, 83
What are the prime factors of 144610?
2, 5, 14461
What are the prime factors of 26292?
2, 3, 7, 313
List the prime factors of 337237.
563, 599
What are the prime factors of 88861?
88861
List the prime factors of 4244823.
3, 11, 53, 809
List the prime factors of 2004433.
2004433
What are the prime factors of 18183?
3, 11, 19, 29
What are the prime factors of 1585916?
2, 396479
List the prime factors of 646837.
646837
List the prime factors of 306576.
2, 3, 2129
What are the prime factors of 2084774?
2, 701, 1487
List the prime factors of 223301.
13, 89, 193
What are the prime factors of 1752900?
2, 3, 5, 5843
What are the prime factors of 3102834?
2, 3, 7, 73877
List the prime factors of 21205.
5, 4241
List the prime factors of 1765951.
11, 160541
List the prime factors of 253085.
5, 7, 1033
What are the prime factors of 1036302?
2, 3, 172717
List the prime factors of 333202.
2, 166601
List the prime factors of 175300.
2, 5, 1753
List the prime factors of 3119521.
43, 72547
What are the prime factors of 3591876?
2, 3, 43, 6961
What are the prime factors of 5188885?
5, 13, 79829
List the prime factors of 7045055.
5, 17, 82883
What are the prime factors of 55082?
2, 27541
List the prime factors of 1952868.
2, 3, 162739
List the prime factors of 3972112.
2, 248257
What are the prime factors of 302082?
2, 3, 11, 23, 199
List the prime factors of 83897.
11, 29, 263
What are the prime factors of 3873767?
3873767
List the prime factors of 3014163.
3, 53, 71, 89
What are the prime factors of 6321461?
6321461
List the prime factors of 673014.
2, 3, 223, 503
List the prime factors of 21247868.
2, 641, 8287
What are the prime factors of 22870582?
2, 7, 43, 37991
What are the prime factors of 3969610?
2, 5, 71, 5591
List the prime factors of 7641432.
2, 3, 17, 2081
What are the prime factors of 954391?
954391
What are the prime factors of 2084390?
2, 5, 7, 11, 2707
List the prime factors of 5945949.
3, 660661
List the prime factors of 3490859.
3490859
What are the prime factors of 472406?
2, 11, 109, 197
List the prime factors of 580452.
2, 3, 48371
What are the prime factors of 27045?
3, 5, 601
What are the prime factors of 652233?
3, 217411
List the prime factors of 1034.
2, 11, 47
What are the prime factors of 185279?
41, 4519
What are the prime factors of 1638858?
2, 3, 13, 21011
List the prime factors of 11260279.
1213, 9283
List the prime factors of 712556.
2, 13, 71, 193
List the prime factors of 1729995.
3, 5, 29, 41, 97
What are the prime factors of 960774?
2, 3, 47, 3407
What are the prime factors of 540704?
2, 61, 277
What are the prime factors of 2985714?
2, 3, 55291
What are the prime factors of 9916783?
71, 197, 709
List the prime factors of 295834.
2, 7, 11, 17, 113
What are the prime factors of 455739?
3, 73, 2081
What are the prime factors of 328888?
2, 7, 839
What are the prime factors of 141173?
79, 1787
What are the prime factors of 201404?
2, 7, 7193
List the prime factors of 3180713.
181, 17573
List the prime factors of 831100.
2, 5, 8311
What are the prime factors of 308785?
5, 61757
List the prime factors of 127287.
3, 14143
What are the prime factors of 10926201?
3, 11, 13, 25469
List the prime factors of 2112231.
3, 11, 64007
What are the prime factors of 44681?
7, 13, 491
List the prime factors of 64261.
179, 359
List the prime factors of 3283557.
3, 1094519
What are the prime factors of 16479043?
7, 336307
What are the prime factors of 173356?
2, 19, 2281
List the prime factors of 214675.
5, 31, 277
List the prime factors of 6440107.
19, 67, 5059
List the prime factors of 1172790.
2, 3, 5, 83, 157
What are the prime factors of 1385032?
2, 11, 15739
What are the prime factors of 799609?
799609
What are the prime factors of 553234?
2, 11, 25147
List the prime factors of 3061537.
3061537
What are the prime factors of 13067208?
2, 3, 7, 11, 2357
List the prime factors of 1554791.
7, 222113
List the prime factors of 2180973.
3, 726991
List the prime factors of 9373944.
2, 3, 390581
List the prime factors of 234367.
7, 4783
List the prime factors of 881408.
2, 11, 313
List the prime factors of 2444282.
2, 47, 26003
What are the prime factors of 506807?
7, 10343
What are the prime factors of 193150?
2, 5, 3863
List the prime factors of 2767984.
2, 172999
List the prime factors of 16139.
16139
What are the prime factors of 4365557?
7, 41, 53
What are the prime factors of 2307572?
2, 281, 2053
What are the prime factors of 6925829?
23, 301123
List the prime factors of 2300138.
2, 23, 31, 1613
List the prime factors of 230548.
2, 57637
List the prime factors of 486801.
3, 7, 7727
List the prime factors of 1963111.
1963111
List the prime factors of 15529087.
7, 137, 16193
What are the prime factors of 442364?
2, 13, 47, 181
List the prime factors of 448148.
2, 199, 563
What are the prime factors of 94367?
7, 13, 17, 61
List the prime factors of 34214593.
7, 23, 4337
List the prime factors of 64505.
5, 7, 19, 97
What are the prime factors of 375921?
3, 7, 13, 17
What are the prime factors of 364858?
2, 13, 14033
What are the prime factors of 23190930?
2, 3, 5, 7, 131, 281
What are the prime factors of 160092?
2, 3, 4447
What are the prime factors of 20965?
5, 7, 599
List the prime factors of 1733731.
19, 91249
List the prime factors of 9867669.
3, 7, 19, 3533
What are the prime factors of 175042?
2, 7, 12503